{"id":22,"date":"2017-04-07T02:46:55","date_gmt":"2017-04-07T02:46:55","guid":{"rendered":"https:\/\/saintvincentwine.com\/?page_id=22"},"modified":"2022-01-26T03:56:13","modified_gmt":"2022-01-26T03:56:13","slug":"contacto","status":"publish","type":"page","link":"https:\/\/saintvincentwine.com\/?page_id=22","title":{"rendered":"Contacto"},"content":{"rendered":"<p><iframe src=\"https:\/\/www.google.com\/maps\/embed?pb=!1m18!1m12!1m3!1d3732.99822565457!2d-103.36613868448524!3d20.669651186194013!2m3!1f0!2f0!3f0!3m2!1i1024!2i768!4f13.1!3m3!1m2!1s0x8428ae01504d929d%3A0x63b91c40f600efcf!2sCalle+Emeterio+Robles+Gil+428%2C+Americana%2C+44160+Guadalajara%2C+Jal.%2C+M%C3%A9xico!5e0!3m2!1ses-419!2smx!4v1491698779351\" width=\"600\" height=\"450\" frameborder=\"0\" style=\"border:0\" allowfullscreen=\"\"><\/iframe><\/p>\n<div class=\"mbr-section__col col-xs-12 col-sm-6\">\n<div class=\"mbr-section__container mbr-section__container--middle\">\n<div class=\"mbr-header mbr-header--reduce mbr-header--center mbr-header--wysiwyg\">\n<h2 class=\"mbr-header__text\">GUADALAJARA<\/h2>\n<\/div>\n<\/div>\n<div class=\"mbr-section__container mbr-section__container--last\">\n<div class=\"mbr-article mbr-article--wysiwyg\">\n<p>Emeterio Robles Gil 428. C.P. 44160<br \/>\nColonia Americana<br \/>\nJal., M\u00e9xico<br \/>\nTel (33) 3188 03 55<br \/>\n(33) 3686 7180<\/p>\n<p>info@saintvincentwine.com<\/p>\n<p>Si quieres comprar nuestros vinos, favor contactarnos<br \/>\npara darte los datos del distribuidor m\u00e1s cercano a tu domicilio.<\/p>\n<\/div>\n<\/div>\n<\/div>\n<div class=\"mbr-section__col col-xs-12 col-sm-6\">\n<div class=\"mbr-section__container mbr-section__container--middle\">\n<div class=\"mbr-header mbr-header--reduce mbr-header--center mbr-header--wysiwyg\">\n<div class=\"mbr-section__container mbr-section__container--middle\">\n<div class=\"mbr-header mbr-header--reduce mbr-header--center mbr-header--wysiwyg\">\n<h2 class=\"mbr-header__text\">DIRECTORIO<\/h2>\n<\/div>\n<\/div>\n<div class=\"mbr-section__container mbr-section__container--last\">\n<div class=\"mbr-article mbr-article--wysiwyg\">\n<p><strong>Direcci\u00f3n<\/strong><br \/>\nJavier Orozco P\u00e9rez<br \/>\njavierorozco@saintvincentwine.com<\/p>\n<p>Ileana Espinoza<br \/>\nadministracion@saintvincentwine.com<\/p>\n<\/div>\n<\/div>\n<\/div>\n<\/div>\n<\/div>\n","protected":false},"excerpt":{"rendered":"<p>GUADALAJARA Emeterio Robles Gil 428. C.P. 44160 Colonia Americana Jal., M\u00e9xico Tel (33) 3188 03 55 (33) 3686 7180 info@saintvincentwine.com Si quieres comprar nuestros vinos, favor contactarnos para darte los datos del distribuidor m\u00e1s cercano a tu domicilio. DIRECTORIO Direcci\u00f3n Javier Orozco P\u00e9rez javierorozco@saintvincentwine.com Ileana Espinoza administracion@saintvincentwine.com<\/p>\n","protected":false},"author":1,"featured_media":1657,"parent":0,"menu_order":4,"comment_status":"closed","ping_status":"closed","template":"","meta":{"footnotes":"","inspiro_hide_title":false},"featured_media_urls":{"thumbnail":["https:\/\/saintvincentwine.com\/wp-content\/uploads\/2022\/01\/78756791_3264843610223949_2874797795066249216_n-1-e1643169325429-150x150.jpg",150,150,true],"medium":["https:\/\/saintvincentwine.com\/wp-content\/uploads\/2022\/01\/78756791_3264843610223949_2874797795066249216_n-1-e1643169325429-300x81.jpg",300,81,true],"medium_large":["https:\/\/saintvincentwine.com\/wp-content\/uploads\/2022\/01\/78756791_3264843610223949_2874797795066249216_n-1-e1643169325429-768x208.jpg",768,208,true],"large":["https:\/\/saintvincentwine.com\/wp-content\/uploads\/2022\/01\/78756791_3264843610223949_2874797795066249216_n-1-e1643169325429-1024x277.jpg",950,257,true],"1536x1536":["https:\/\/saintvincentwine.com\/wp-content\/uploads\/2022\/01\/78756791_3264843610223949_2874797795066249216_n-1-1536x1033.jpg",1536,1033,true],"2048x2048":["https:\/\/saintvincentwine.com\/wp-content\/uploads\/2022\/01\/78756791_3264843610223949_2874797795066249216_n-1-e1643169325429.jpg",1454,394,false],"inspiro-featured-image":["https:\/\/saintvincentwine.com\/wp-content\/uploads\/2022\/01\/78756791_3264843610223949_2874797795066249216_n-1-2000x1345.jpg",2000,1345,true],"inspiro-loop":["https:\/\/saintvincentwine.com\/wp-content\/uploads\/2022\/01\/78756791_3264843610223949_2874797795066249216_n-1-e1643169325429-950x320.jpg",950,320,true],"inspiro-loop@2x":["https:\/\/saintvincentwine.com\/wp-content\/uploads\/2022\/01\/78756791_3264843610223949_2874797795066249216_n-1-e1643169325429.jpg",1454,394,false],"portfolio_item-thumbnail":["https:\/\/saintvincentwine.com\/wp-content\/uploads\/2022\/01\/78756791_3264843610223949_2874797795066249216_n-1-e1643169325429-600x394.jpg",600,394,true],"portfolio_item-thumbnail@2x":["https:\/\/saintvincentwine.com\/wp-content\/uploads\/2022\/01\/78756791_3264843610223949_2874797795066249216_n-1-e1643169325429-1200x394.jpg",1200,394,true],"portfolio_item-masonry":["https:\/\/saintvincentwine.com\/wp-content\/uploads\/2022\/01\/78756791_3264843610223949_2874797795066249216_n-1-e1643169325429-600x163.jpg",600,163,true],"portfolio_item-masonry@2x":["https:\/\/saintvincentwine.com\/wp-content\/uploads\/2022\/01\/78756791_3264843610223949_2874797795066249216_n-1-e1643169325429-1200x325.jpg",1200,325,true],"portfolio_item-thumbnail_cinema":["https:\/\/saintvincentwine.com\/wp-content\/uploads\/2022\/01\/78756791_3264843610223949_2874797795066249216_n-1-e1643169325429-800x335.jpg",800,335,true],"portfolio_item-thumbnail_portrait":["https:\/\/saintvincentwine.com\/wp-content\/uploads\/2022\/01\/78756791_3264843610223949_2874797795066249216_n-1-e1643169325429-600x394.jpg",600,394,true],"portfolio_item-thumbnail_portrait@2x":["https:\/\/saintvincentwine.com\/wp-content\/uploads\/2022\/01\/78756791_3264843610223949_2874797795066249216_n-1-e1643169325429-1200x394.jpg",1200,394,true],"portfolio_item-thumbnail_square":["https:\/\/saintvincentwine.com\/wp-content\/uploads\/2022\/01\/78756791_3264843610223949_2874797795066249216_n-1-e1643169325429-800x394.jpg",800,394,true]},"_links":{"self":[{"href":"https:\/\/saintvincentwine.com\/index.php?rest_route=\/wp\/v2\/pages\/22"}],"collection":[{"href":"https:\/\/saintvincentwine.com\/index.php?rest_route=\/wp\/v2\/pages"}],"about":[{"href":"https:\/\/saintvincentwine.com\/index.php?rest_route=\/wp\/v2\/types\/page"}],"author":[{"embeddable":true,"href":"https:\/\/saintvincentwine.com\/index.php?rest_route=\/wp\/v2\/users\/1"}],"replies":[{"embeddable":true,"href":"https:\/\/saintvincentwine.com\/index.php?rest_route=%2Fwp%2Fv2%2Fcomments&post=22"}],"version-history":[{"count":5,"href":"https:\/\/saintvincentwine.com\/index.php?rest_route=\/wp\/v2\/pages\/22\/revisions"}],"predecessor-version":[{"id":1656,"href":"https:\/\/saintvincentwine.com\/index.php?rest_route=\/wp\/v2\/pages\/22\/revisions\/1656"}],"wp:featuredmedia":[{"embeddable":true,"href":"https:\/\/saintvincentwine.com\/index.php?rest_route=\/wp\/v2\/media\/1657"}],"wp:attachment":[{"href":"https:\/\/saintvincentwine.com\/index.php?rest_route=%2Fwp%2Fv2%2Fmedia&parent=22"}],"curies":[{"name":"wp","href":"https:\/\/api.w.org\/{rel}","templated":true}]}}